{"id":29196,"date":"2021-06-01T15:47:47","date_gmt":"2021-06-01T13:47:47","guid":{"rendered":"https:\/\/www.ozio.eu\/?page_id=29196"},"modified":"2023-08-31T17:32:42","modified_gmt":"2023-08-31T15:32:42","slug":"politique-de-confidentialite","status":"publish","type":"page","link":"https:\/\/dev-ozio.inwigo.fr\/ozio\/politique-de-confidentialite\/","title":{"rendered":"Politique de confidentialit\u00e9"},"content":{"rendered":"<p>[vc_row][vc_column][vc_custom_heading source=\u00a0\u00bbpost_title\u00a0\u00bb font_container=\u00a0\u00bbtag:h1|text_align:center\u00a0\u00bb use_theme_fonts=\u00a0\u00bbyes\u00a0\u00bb][vc_separator color=\u00a0\u00bbcustom\u00a0\u00bb border_width=\u00a0\u00bb3&Prime; el_width=\u00a0\u00bb10&Prime; accent_color=\u00a0\u00bb#ff5a00&Prime;][vc_column_text]Le site Ozio.eu est \u00e9dit\u00e9 par la soci\u00e9t\u00e9 PROZIO.<\/p>\n<p>PROZIO s&rsquo;engage \u00e0 prot\u00e9ger la vie priv\u00e9e de ses clients. Veuillez prendre le temps de lire cette notice (ainsi que nos <a href=\"https:\/\/www.ozio.eu\/conditions-generales-de-vente\/\">conditions g\u00e9n\u00e9rales de vente<\/a> et <a href=\"https:\/\/www.ozio.eu\/mentions-legales\/\">mentions l\u00e9gales<\/a>) qui d\u00e9taille les donn\u00e9es que nous collectons \u00e0 votre sujet, comment nous les utilisons ainsi que vos droits. \u00ab\u00a0PROZIO\u00a0\u00bb ou \u00ab\u00a0nous\u00a0\u00bb est le responsable du traitement des donn\u00e9es personnelles collect\u00e9es via ou en relation avec le site Ozio.eu et toute application associ\u00e9e (le \u00ab\u00a0site\u00a0\u00bb).<\/p>\n<p>Les informations nominatives et donn\u00e9es personnelles concernant le Client sont n\u00e9cessaires \u00e0 la gestion de ses commandes et aux relations commerciales entre Ozio et celui-ci. Ces donn\u00e9es sont par exemple : Nom, Adresse, Num\u00e9ro de t\u00e9l\u00e9phone, Adresse courriel, Information de carte de bancaire, Adresse IP. En l\u2019absence de telles informations, Ozio ne pourra pas fournir son service. Ces informations peuvent \u00eatre transmises aux soci\u00e9t\u00e9s qui contribuent \u00e0 ces relations telles que celles charg\u00e9es de l\u2019ex\u00e9cution des services et commandes pour leur gestion, ex\u00e9cution, traitement et paiement.<\/p>\n<p>Ces informations et donn\u00e9es sont conserv\u00e9es \u00e0 des fins de s\u00e9curit\u00e9, afin de respecter les obligations l\u00e9gales et r\u00e9glementaires. Elles peuvent \u00eatre utilis\u00e9es par PROZIO afin d\u2019adresser au Client des offres promotionnelles, \u00e0 des fins statistiques et de lutte contre la fraude, pour l\u2019int\u00e9r\u00eat l\u00e9gitime de d\u00e9veloppement commercial, d\u2019am\u00e9lioration technique de ses syst\u00e8mes et de la connaissance de ses Clients et, enfin, le cas \u00e9ch\u00e9ant avec le consentement du Client, de personnalisation des services, notamment par le biais de publicit\u00e9s. En fonction des choix \u00e9mis lors de la cr\u00e9ation ou consultation de son compte, le Client sera donc susceptible de recevoir des offres la soci\u00e9t\u00e9 PROZIO.<\/p>\n<p>Le Client a la possibilit\u00e9 de se d\u00e9sabonner des newsletters de PROZIO \u00e0 tout moment en cliquant sur le lien pr\u00e9sent dans tous les e-mails ou en envoyant un mail \u00e0 contact@ozio.eu.<\/p>\n<p>Le Client peut \u00e9galement consulter et modifier ses donn\u00e9es personnelles dans son espace client.<\/p>\n<p>Le Client dispose d&rsquo;un droit d&rsquo;acc\u00e8s, de modification, d&rsquo;opposition, de portabilit\u00e9, de limitation et de suppression des informations le concernant, ainsi que de d\u00e9finir des directives relatives au sort de ses donn\u00e9es personnelles en cas de d\u00e9c\u00e8s, qu&rsquo;il adressera par courrier simple \u00e0 PROZIO, et en justifiant de son identit\u00e9 :<\/p>\n<p><span class=\"zn-fontweight\" style=\"font-weight: bold;\">Prozio <\/span><span style=\"color: #535353;\"><br \/>\n<\/span>7 all\u00e9e de la clairi\u00e8re<span style=\"color: #535353;\"><br \/>\n<\/span>91190 Gif-sur-Yvette<span style=\"color: #535353;\"><br \/>\n<\/span>France<\/p>\n<p>Ou par email \u00e0 l&rsquo;adresse suivante : contact@ozio.eu<\/p>\n<p>Le Client b\u00e9n\u00e9ficie enfin du droit d\u2019introduire une r\u00e9clamation aupr\u00e8s d\u2019une autorit\u00e9 de contr\u00f4le.<\/p>\n<p>Modifications apport\u00e9es \u00e0 la d\u00e9claration de confidentialit\u00e9 et votre devoir de nous informer d\u2019\u00e9ventuels changements<\/p>\n<p>\u00c0 l\u2019avenir, toute modification que nous pourrions apporter \u00e0 notre politique de confidentialit\u00e9 sera publi\u00e9e sur cette page et, le cas \u00e9ch\u00e9ant, vous en serez notifi\u00e9(e) par courrier \u00e9lectronique. Veuillez consulter r\u00e9guli\u00e8rement cette page pour conna\u00eetre les mises \u00e0 jour et les modifications apport\u00e9es \u00e0 notre politique de confidentialit\u00e9.[\/vc_column_text][vc_toggle title=\u00a0\u00bbQuelles donn\u00e9es personnelles collectons-nous \u00e0 votre sujet ?\u00a0\u00bb custom_use_theme_fonts=\u00a0\u00bbyes\u00a0\u00bb use_custom_heading=\u00a0\u00bbtrue\u00a0\u00bb]On entend par donn\u00e9es personnelles ou informations personnelles, toute information relative \u00e0 une personne physique identifi\u00e9e. Elles ne comprennent pas les donn\u00e9es pour lesquelles l\u2019identit\u00e9 a \u00e9t\u00e9 supprim\u00e9e (donn\u00e9es anonymes).<\/p>\n<p>Nous pouvons recueillir, utiliser, stocker et transf\u00e9rer diff\u00e9rents types de donn\u00e9es personnelles \u00e0 votre sujet, et ces donn\u00e9es sont regroup\u00e9es comme suit :<\/p>\n<ul>\n<li>les donn\u00e9es d\u2019identit\u00e9 comprennent : le pr\u00e9nom, le nom de famille, le titre, la date de naissance et le sexe ;<\/li>\n<li>les coordonn\u00e9es comprennent : l\u2019adresse de facturation, l\u2019adresse de livraison, l\u2019adresse \u00e9lectronique et les num\u00e9ros de t\u00e9l\u00e9phone ;<\/li>\n<li>les donn\u00e9es financi\u00e8res comprennent : les informations du compte bancaire et de la carte de paiement ainsi que les informations li\u00e9es au compte PayPal ;<\/li>\n<li>les donn\u00e9es de transaction comprennent : les informations relatives aux transactions financi\u00e8res et aux produits et services que vous avez achet\u00e9s chez nous ;<\/li>\n<li>les donn\u00e9es techniques comprennent : l\u2019adresse IP (Internet Protocol), les donn\u00e9es de connexion, le type et la version du navigateur, le fuseau horaire et l\u2019emplacement g\u00e9ographique, les types et versions de plug-in du navigateur, le syst\u00e8me d\u2019exploitation et la plate-forme, et d\u2019autres technologies sur les appareils que vous utilisez pour acc\u00e9der \u00e0 ce site Web ;<\/li>\n<li>les donn\u00e9es de profil comprennent : votre identifiant, votre mot de passe, les achats ou commandes que vous avez effectu\u00e9s, vos avis ainsi que vos r\u00e9ponses aux enqu\u00eates ;<\/li>\n<li>les donn\u00e9es d\u2019utilisation comprennent : les informations relatives \u00e0 la mani\u00e8re dont vous utilisez notre site Web, nos produits et nos services.<\/li>\n<\/ul>\n<p>Le caract\u00e8re obligatoire ou facultatif des donn\u00e9es vous est signal\u00e9 lors de la collecte par un ast\u00e9risque. Certaines donn\u00e9es sont collect\u00e9es automatiquement du fait de vos actions sur le site.<\/p>\n<p>Nous effectuons \u00e9galement des mesures d\u2019audience, nous mesurons par exemple le nombre de pages vues, le nombre de visites du site, ainsi que l\u2019activit\u00e9 des visiteurs sur le site et leur fr\u00e9quence de retour.<\/p>\n<p>Les donn\u00e9es collect\u00e9es sur le site sont exclusivement destin\u00e9es \u00e0 l\u2019usage d\u2019Ozio. Vos donn\u00e9es ne font l&rsquo;objet d&rsquo;aucune communication \u00e0 des tiers. Vous \u00eates toutefois inform\u00e9s qu&rsquo;elles pourront \u00eatre divulgu\u00e9es en application d&rsquo;une loi, d&rsquo;un r\u00e8glement ou en vertu d&rsquo;une d\u00e9cision d&rsquo;une autorit\u00e9 r\u00e9glementaire ou judiciaire comp\u00e9tente.<\/p>\n<p>Vous pouvez n\u00e9anmoins voir des annonces pour notre site sur les r\u00e9seaux sociaux. Ces publicit\u00e9s peuvent \u00eatre personnalis\u00e9es \u00e0 l&rsquo;aide de cookies (qui suivent votre activit\u00e9 sur le Web, ce qui nous permet de diffuser des annonces aupr\u00e8s des clients qui ont visit\u00e9 notre site). Lorsque vous voyez une annonce sur les r\u00e9seaux sociaux, cela peut s&rsquo;expliquer par le fait que nous avons utilis\u00e9 ce r\u00e9seau social pour diffuser des annonces aupr\u00e8s de nos clients ou des utilisateurs qui correspondent au profil d\u00e9mographique de nos clients. Dans certains cas, cela peut impliquer le partage de votre adresse e-mail avec ce r\u00e9seau social. Si vous ne souhaitez plus voir d&rsquo;annonces personnalis\u00e9es, vous pouvez modifier vos param\u00e8tres de cookies et de confidentialit\u00e9 sur votre navigateur et ces sites Web tiers.[\/vc_toggle][vc_toggle title=\u00a0\u00bbComment recueillons-nous vos donn\u00e9es personnelles ?\u00a0\u00bb custom_use_theme_fonts=\u00a0\u00bbyes\u00a0\u00bb use_custom_heading=\u00a0\u00bbtrue\u00a0\u00bb]Nous utilisons diff\u00e9rentes m\u00e9thodes pour recueillir vos donn\u00e9es personnelles, notamment par le biais :<\/p>\n<p>Des informations que vous nous transmettez en remplissant les formulaires se trouvant sur notre site, nos pages ou r\u00e9seaux sociaux ou en communiquant avec nous par t\u00e9l\u00e9phone, courrier \u00e9lectronique : vos donn\u00e9es d\u2019identit\u00e9, vos coordonn\u00e9es et vos donn\u00e9es financi\u00e8res. Cela implique les donn\u00e9es personnelles fournies par vos soins lorsque :<\/p>\n<ul>\n<li>vous sollicitez nos produits et services ;<\/li>\n<li>vous cr\u00e9ez un compte sur notre site Web ;<\/li>\n<li>vous vous abonnez \u00e0 nos services ou publications ;<\/li>\n<li>vous sollicitez des messages commerciaux ;<\/li>\n<li>vous participez \u00e0 un concours, une promotion ou une enqu\u00eate ;<\/li>\n<li>vous r\u00e9digez des avis ;<\/li>\n<li>vous postulez pour un emploi.<\/li>\n<\/ul>\n<p>Les donn\u00e9es que nous recueillons peuvent \u00eatre transf\u00e9r\u00e9es et stock\u00e9es en dehors de l\u2019Espace \u00e9conomique europ\u00e9en. Cela ne d\u00e9pend pas directement de nous mais de notre h\u00e9bergeur et des diff\u00e9rents plugins (ou extensions) que nous utilisons.[\/vc_toggle][vc_toggle title=\u00a0\u00bbA quoi nous servent les donn\u00e9es personnelles collect\u00e9es ?\u00a0\u00bb custom_use_theme_fonts=\u00a0\u00bbyes\u00a0\u00bb use_custom_heading=\u00a0\u00bbtrue\u00a0\u00bb]Les donn\u00e9es personnelles collect\u00e9es peuvent servir, selon la fa\u00e7on dont vous interagissez avec nous :<\/p>\n<ul>\n<li>pour r\u00e9aliser votre commande et maintenir votre compte en ligne ;<\/li>\n<li>g\u00e9rer et r\u00e9pondre \u00e0 toutes les questions ou plaintes que vous pourriez adresser \u00e0 notre service client\u00e8le ;<\/li>\n<li>am\u00e9liorer et maintenir le site, et surveiller son utilisation ;<\/li>\n<li>pour une \u00e9tude de march\u00e9, par exemple, nous pouvons vous contacter pour recueillir des commentaires sur nos produits ;<\/li>\n<li>pour des raisons de s\u00e9curit\u00e9, pour enqu\u00eater sur la fraude et, si n\u00e9cessaire, pour nous prot\u00e9ger et prot\u00e9ger les tiers ;<\/li>\n<li>pour se conformer \u00e0 nos obligations l\u00e9gales et r\u00e9glementaires.<\/li>\n<\/ul>\n<p>Lorsque la loi nous exige de recueillir les donn\u00e9es personnelles, ou en vertu des clauses d\u2019un contrat que nous avons avec vous, et que vous ne fournissez pas lesdites donn\u00e9es requises, nous pourrions ne pas \u00eatre en mesure d\u2019ex\u00e9cuter le contrat qui nous lie ou que nous essayons de conclure avec vous (par exemple, pour vous fournir des biens ou des services). Dans ce cas, nous pourrions \u00eatre oblig\u00e9s d\u2019annuler l\u2019achat d\u2019un produit ou d\u2019un service que vous faites aupr\u00e8s de nous, mais nous vous en notifierons le moment venu.<\/p>\n<p>Il est important que les donn\u00e9es personnelles que nous d\u00e9tenons \u00e0 votre sujet soient exactes et \u00e0 jour. Nous vous prions de nous tenir inform\u00e9s de tout changement relatif \u00e0 vos donn\u00e9es personnelles pendant votre relation avec nous.[\/vc_toggle][vc_toggle title=\u00a0\u00bbS\u00e9curit\u00e9 des donn\u00e9es\u00a0\u00bb custom_use_theme_fonts=\u00a0\u00bbyes\u00a0\u00bb use_custom_heading=\u00a0\u00bbtrue\u00a0\u00bb]Ce site garantit que les donn\u00e9es sont crypt\u00e9es en quittant le site. Ce processus implique la conversion d&rsquo;informations ou de donn\u00e9es en code pour emp\u00eacher un acc\u00e8s non autoris\u00e9. Ce site suit ce processus et utilise des m\u00e9thodes s\u00e9curis\u00e9es pour assurer la protection de toutes les transactions par carte de cr\u00e9dit et de d\u00e9bit. Les m\u00e9thodes de cryptage telles que SSL sont utilis\u00e9es pour prot\u00e9ger les donn\u00e9es des clients lorsqu&rsquo;ils transitent vers et depuis ce site via un canal de communication s\u00e9curis\u00e9.<\/p>\n<p>Bien que nous fassions tout ce qui est en notre pouvoir pour garantir que les donn\u00e9es personnelles soient prot\u00e9g\u00e9es \u00e0 tout moment depuis notre site, nous ne pouvons garantir la s\u00e9curit\u00e9 et l&rsquo;int\u00e9grit\u00e9 des informations qui ont \u00e9t\u00e9 transmises \u00e0 notre site.[\/vc_toggle][\/vc_column][\/vc_row]<\/p>\n","protected":false},"excerpt":{"rendered":"<p>[vc_row][vc_column][vc_custom_heading source=\u00a0\u00bbpost_title\u00a0\u00bb font_container=\u00a0\u00bbtag:h1|text_align:center\u00a0\u00bb use_theme_fonts=\u00a0\u00bbyes\u00a0\u00bb][vc_separator color=\u00a0\u00bbcustom\u00a0\u00bb border_width=\u00a0\u00bb3&Prime; el_width=\u00a0\u00bb10&Prime; accent_color=\u00a0\u00bb#ff5a00&Prime;][vc_column_text]Le site Ozio.eu est \u00e9dit\u00e9 par la soci\u00e9t\u00e9 PROZIO. PROZIO s&rsquo;engage \u00e0 prot\u00e9ger la vie priv\u00e9e de ses&#8230;<\/p>\n","protected":false},"author":17,"featured_media":0,"parent":0,"menu_order":0,"comment_status":"closed","ping_status":"closed","template":"","meta":{"_acf_changed":false,"footnotes":""},"class_list":["post-29196","page","type-page","status-publish","hentry"],"acf":[],"_links":{"self":[{"href":"https:\/\/dev-ozio.inwigo.fr\/ozio\/wp-json\/wp\/v2\/pages\/29196","targetHints":{"allow":["GET"]}}],"collection":[{"href":"https:\/\/dev-ozio.inwigo.fr\/ozio\/wp-json\/wp\/v2\/pages"}],"about":[{"href":"https:\/\/dev-ozio.inwigo.fr\/ozio\/wp-json\/wp\/v2\/types\/page"}],"author":[{"embeddable":true,"href":"https:\/\/dev-ozio.inwigo.fr\/ozio\/wp-json\/wp\/v2\/users\/17"}],"replies":[{"embeddable":true,"href":"https:\/\/dev-ozio.inwigo.fr\/ozio\/wp-json\/wp\/v2\/comments?post=29196"}],"version-history":[{"count":6,"href":"https:\/\/dev-ozio.inwigo.fr\/ozio\/wp-json\/wp\/v2\/pages\/29196\/revisions"}],"predecessor-version":[{"id":39380,"href":"https:\/\/dev-ozio.inwigo.fr\/ozio\/wp-json\/wp\/v2\/pages\/29196\/revisions\/39380"}],"wp:attachment":[{"href":"https:\/\/dev-ozio.inwigo.fr\/ozio\/wp-json\/wp\/v2\/media?parent=29196"}],"curies":[{"name":"wp","href":"https:\/\/api.w.org\/{rel}","templated":true}]}}