{"id":43631,"date":"2023-08-10T17:23:04","date_gmt":"2023-08-10T15:23:04","guid":{"rendered":"https:\/\/www.ozio.eu\/?page_id=43631"},"modified":"2024-10-03T12:00:37","modified_gmt":"2024-10-03T10:00:37","slug":"nos-partenaires","status":"publish","type":"page","link":"https:\/\/dev-ozio.inwigo.fr\/ozio\/nos-partenaires\/","title":{"rendered":"Nos partenaires"},"content":{"rendered":"<p>[vc_row css=\u00a0\u00bb.vc_custom_1630405014171{margin-bottom: 2em !important;}\u00a0\u00bb _et_uniqid=\u00a0\u00bbet_custom_uniqid_new_612e0192dd9a4&Prime;][vc_column][vc_custom_heading source=\u00a0\u00bbpost_title\u00a0\u00bb font_container=\u00a0\u00bbtag:h1|text_align:center\u00a0\u00bb use_theme_fonts=\u00a0\u00bbyes\u00a0\u00bb][\/vc_column][\/vc_row][vc_row equal_height=\u00a0\u00bbyes\u00a0\u00bb content_placement=\u00a0\u00bbmiddle\u00a0\u00bb _et_uniqid=\u00a0\u00bbet_custom_uniqid_new_612e013c0a9c0&Prime;][vc_column width=\u00a0\u00bb1\/2&Prime; _et_uniqid=\u00a0\u00bbet_custom_uniqid_new_612e012f41f75&Prime;]        <link rel=\"stylesheet\" href=\"https:\/\/dev-ozio.inwigo.fr\/ozio\/wp-content\/themes\/xstore\/css\/modules\/builders\/icon-boxes.min.css\" type=\"text\/css\" media=\"all\" \/> \t\t\n\t\t<div\n                class=\"ibox-block  box-9122 icon-left align-left pointer table\"\n                onclick=\"window.location='https:\/\/fr.evergreencycling.com\/'\"        >\n\t\t\t\t\t\t\t<div class=\"ibox-symbol\">\n\t\t\t\t\t<i class=\"icon-image\"><img decoding=\"async\" width=\"1134\" height=\"1134\" src=\"https:\/\/dev-ozio.inwigo.fr\/ozio\/wp-content\/uploads\/xstore\/xstore-placeholder.png\" data-src=\"https:\/\/dev-ozio.inwigo.fr\/ozio\/wp-content\/uploads\/2023\/08\/Logo_PNG.png\" class=\" lazyload lazyload-simple et-lazyload-fadeIn\" alt=\"logo Evergreencycling\" src=\"https:\/\/dev-ozio.inwigo.fr\/ozio\/wp-content\/uploads\/xstore\/xstore-placeholder.png\" data-srcset=\"https:\/\/dev-ozio.inwigo.fr\/ozio\/wp-content\/uploads\/2023\/08\/Logo_PNG.png 1134w, https:\/\/dev-ozio.inwigo.fr\/ozio\/wp-content\/uploads\/2023\/08\/Logo_PNG-300x300.png 300w, https:\/\/dev-ozio.inwigo.fr\/ozio\/wp-content\/uploads\/2023\/08\/Logo_PNG-1024x1024.png 1024w, https:\/\/dev-ozio.inwigo.fr\/ozio\/wp-content\/uploads\/2023\/08\/Logo_PNG-150x150.png 150w, https:\/\/dev-ozio.inwigo.fr\/ozio\/wp-content\/uploads\/2023\/08\/Logo_PNG-768x768.png 768w, https:\/\/dev-ozio.inwigo.fr\/ozio\/wp-content\/uploads\/2023\/08\/Logo_PNG-800x800.png 800w, https:\/\/dev-ozio.inwigo.fr\/ozio\/wp-content\/uploads\/2023\/08\/Logo_PNG-100x100.png 100w, https:\/\/dev-ozio.inwigo.fr\/ozio\/wp-content\/uploads\/2023\/08\/Logo_PNG-1x1.png 1w, https:\/\/dev-ozio.inwigo.fr\/ozio\/wp-content\/uploads\/2023\/08\/Logo_PNG-10x10.png 10w\" data-sizes=\"(max-width: 1134px) 100vw, 1134px\" \/><\/i>\t\t\t\t<\/div>\n\t\t\t\n\t\t\t<div class=\"ibox-content\">\n\t\t\t\t\n\t\t\t\t\n\t\t\t\t\t\t\t<\/div>\n\n\t\t\t\n\t\t<\/div>\n\n\t\t[\/vc_column][vc_column width=\u00a0\u00bb1\/2&Prime;][vc_column_text]Retrouvez les plus beaux itin\u00e9raires alpins en France, Suisse et Italie gr\u00e2ce aux formules autoguid\u00e9es qui vous permettront de voyager quand vous voulez et \u00e0 votre rythme.<\/p>\n<ul>\n<li><i class=\"fas fa-envelope\"><\/i> evergreencycling@protonmail.com<\/li>\n<\/ul>\n<p>[\/vc_column_text][vc_btn title=\u00a0\u00bbAcc\u00e9der au site\u00a0\u00bb link=\u00a0\u00bburl:https%3A%2F%2Fwww.evergreencycling.com%2F|target:_blank\u00a0\u00bb][\/vc_column][\/vc_row]<\/p>\n","protected":false},"excerpt":{"rendered":"<p>[vc_row css=\u00a0\u00bb.vc_custom_1630405014171{margin-bottom: 2em !important;}\u00a0\u00bb _et_uniqid=\u00a0\u00bbet_custom_uniqid_new_612e0192dd9a4&Prime;][vc_column][vc_custom_heading source=\u00a0\u00bbpost_title\u00a0\u00bb font_container=\u00a0\u00bbtag:h1|text_align:center\u00a0\u00bb use_theme_fonts=\u00a0\u00bbyes\u00a0\u00bb][\/vc_column][\/vc_row][vc_row equal_height=\u00a0\u00bbyes\u00a0\u00bb content_placement=\u00a0\u00bbmiddle\u00a0\u00bb _et_uniqid=\u00a0\u00bbet_custom_uniqid_new_612e013c0a9c0&Prime;][vc_column width=\u00a0\u00bb1\/2&Prime; _et_uniqid=\u00a0\u00bbet_custom_uniqid_new_612e012f41f75&Prime;][\/vc_column][vc_column width=\u00a0\u00bb1\/2&Prime;][vc_column_text]Retrouvez les plus beaux itin\u00e9raires alpins en France, Suisse et Italie gr\u00e2ce&#8230;<\/p>\n","protected":false},"author":17,"featured_media":0,"parent":0,"menu_order":0,"comment_status":"closed","ping_status":"closed","template":"","meta":{"_acf_changed":false,"footnotes":""},"class_list":["post-43631","page","type-page","status-publish","hentry"],"acf":[],"_links":{"self":[{"href":"https:\/\/dev-ozio.inwigo.fr\/ozio\/wp-json\/wp\/v2\/pages\/43631","targetHints":{"allow":["GET"]}}],"collection":[{"href":"https:\/\/dev-ozio.inwigo.fr\/ozio\/wp-json\/wp\/v2\/pages"}],"about":[{"href":"https:\/\/dev-ozio.inwigo.fr\/ozio\/wp-json\/wp\/v2\/types\/page"}],"author":[{"embeddable":true,"href":"https:\/\/dev-ozio.inwigo.fr\/ozio\/wp-json\/wp\/v2\/users\/17"}],"replies":[{"embeddable":true,"href":"https:\/\/dev-ozio.inwigo.fr\/ozio\/wp-json\/wp\/v2\/comments?post=43631"}],"version-history":[{"count":15,"href":"https:\/\/dev-ozio.inwigo.fr\/ozio\/wp-json\/wp\/v2\/pages\/43631\/revisions"}],"predecessor-version":[{"id":47191,"href":"https:\/\/dev-ozio.inwigo.fr\/ozio\/wp-json\/wp\/v2\/pages\/43631\/revisions\/47191"}],"wp:attachment":[{"href":"https:\/\/dev-ozio.inwigo.fr\/ozio\/wp-json\/wp\/v2\/media?parent=43631"}],"curies":[{"name":"wp","href":"https:\/\/api.w.org\/{rel}","templated":true}]}}