{"id":16357,"date":"2019-09-16T14:41:48","date_gmt":"2019-09-16T12:41:48","guid":{"rendered":"https:\/\/www.ozio.eu\/?post_type=product&#038;p=16357"},"modified":"2025-07-09T15:30:14","modified_gmt":"2025-07-09T13:30:14","slug":"tour-de-cou-hiver-velo","status":"publish","type":"product","link":"https:\/\/dev-ozio.inwigo.fr\/ozio\/produit\/tour-de-cou-hiver-velo\/","title":{"rendered":"Tour de cou"},"content":{"rendered":"<p>Ce tour de cou hiver vous permettra de conserver <strong>votre cou et votre nuque au chaud<\/strong> lors de vos sorties froides, et \u00e9vitera ainsi au froid de se propager au reste du corps. Il est possible de le monter jusque sous les yeux. Le maintien se fait gr\u00e2ce \u00e0 un cordon avec bille de serrage.<\/p>\n<p>Ce tour de cou hiver est r\u00e9alis\u00e9 en polypropyl\u00e8ne, ce qui permet d&rsquo;<strong>\u00e9vacuer la transpiration<\/strong> plus facilement et ainsi <strong>rester au sec<\/strong>.<\/p>\n","protected":false},"excerpt":{"rendered":"<p>Pour prot\u00e9ger votre cou lors de vos sorties froides !<\/p>\n","protected":false},"featured_media":34482,"comment_status":"open","ping_status":"closed","template":"","meta":{"_acf_changed":false},"etheme_brands":[],"product_brand":[],"product_cat":[475,474,737,739,738,454,482,481,461,560,567,449,485,486,484],"product_tag":[],"class_list":{"0":"post-16357","1":"product","2":"type-product","3":"status-publish","4":"has-post-thumbnail","6":"product_cat-destockage-femme","7":"product_cat-destockage-homme","8":"product_cat-destockage-ete-2025","9":"product_cat-destockage-ete-femme-2025","10":"product_cat-destockage-ete-homme-2025","11":"product_cat-vetements-velo-femme","12":"product_cat-hiver-homme","13":"product_cat-hiver-femme","14":"product_cat-vetements-velo-homme","15":"product_cat-mi-saison-homme","16":"product_cat-mi-saison-femme","17":"product_cat-sous-casques-cagoules-tours-cou","18":"product_cat-gravel-homme","19":"product_cat-route-homme","20":"product_cat-vtt-homme","22":"first","23":"instock","24":"taxable","25":"shipping-taxable","26":"product-type-variable"},"acf":[],"_links":{"self":[{"href":"https:\/\/dev-ozio.inwigo.fr\/ozio\/wp-json\/wp\/v2\/product\/16357","targetHints":{"allow":["GET"]}}],"collection":[{"href":"https:\/\/dev-ozio.inwigo.fr\/ozio\/wp-json\/wp\/v2\/product"}],"about":[{"href":"https:\/\/dev-ozio.inwigo.fr\/ozio\/wp-json\/wp\/v2\/types\/product"}],"replies":[{"embeddable":true,"href":"https:\/\/dev-ozio.inwigo.fr\/ozio\/wp-json\/wp\/v2\/comments?post=16357"}],"wp:featuredmedia":[{"embeddable":true,"href":"https:\/\/dev-ozio.inwigo.fr\/ozio\/wp-json\/wp\/v2\/media\/34482"}],"wp:attachment":[{"href":"https:\/\/dev-ozio.inwigo.fr\/ozio\/wp-json\/wp\/v2\/media?parent=16357"}],"wp:term":[{"taxonomy":"brand","embeddable":true,"href":"https:\/\/dev-ozio.inwigo.fr\/ozio\/wp-json\/wp\/v2\/etheme_brands?post=16357"},{"taxonomy":"product_brand","embeddable":true,"href":"https:\/\/dev-ozio.inwigo.fr\/ozio\/wp-json\/wp\/v2\/product_brand?post=16357"},{"taxonomy":"product_cat","embeddable":true,"href":"https:\/\/dev-ozio.inwigo.fr\/ozio\/wp-json\/wp\/v2\/product_cat?post=16357"},{"taxonomy":"product_tag","embeddable":true,"href":"https:\/\/dev-ozio.inwigo.fr\/ozio\/wp-json\/wp\/v2\/product_tag?post=16357"}],"curies":[{"name":"wp","href":"https:\/\/api.w.org\/{rel}","templated":true}]}}