{"id":23142,"date":"2020-10-07T12:40:05","date_gmt":"2020-10-07T10:40:05","guid":{"rendered":"https:\/\/www.ozio.eu\/?post_type=product&#038;p=23142"},"modified":"2025-07-17T16:20:16","modified_gmt":"2025-07-17T14:20:16","slug":"collant-velo-femme-diva","status":"publish","type":"product","link":"https:\/\/dev-ozio.inwigo.fr\/ozio\/produit\/collant-velo-femme-diva\/","title":{"rendered":"Collant Femme DIVA"},"content":{"rendered":"<p>[vc_row _et_uniqid=\u00a0\u00bbet_custom_uniqid_new_612f8c2960d6e\u00a0\u00bb][vc_column][vc_column_text]<\/p>\n<h2>Un vrai collant v\u00e9lo femme, technique et 100 % adapt\u00e9<\/h2>\n<p>La pratique du cyclisme se r\u00e9pand de plus en plus chez les femmes, et il est pourtant difficile de pouvoir s\u2019\u00e9quiper correctement. Le collant v\u00e9lo femme DIVA est un v\u00eatement cycliste de qualit\u00e9, qui procure confort, chaleur et garanti la s\u00e9curit\u00e9 lorsque la luminosit\u00e9 se fait moindre. Le tout, pens\u00e9 exclusivement pour les femmes. Il \u00e9tait temps.[\/vc_column_text][vc_tta_accordion section_title_tag=\u00a0\u00bbh2&Prime; style=\u00a0\u00bbflat\u00a0\u00bb shape=\u00a0\u00bbsquare\u00a0\u00bb color=\u00a0\u00bbwhite\u00a0\u00bb active_section=\u00a0\u00bb56&Prime; no_fill=\u00a0\u00bbtrue\u00a0\u00bb collapsible_all=\u00a0\u00bbtrue\u00a0\u00bb][vc_tta_section tab_id=\u00a0\u00bbdescription18c92-a5d3&Prime; title=\u00a0\u00bbUn collant adapt\u00e9 \u00e0 l\u2019hiver\u00a0\u00bb][vc_column_text]Souple, confortable, molletonn\u00e9 \u00e0 l\u2019int\u00e9rieur, ce tissu offre toutes les qualit\u00e9s requises pour un collant hiver femme. Ce textile est, de fait, tr\u00e8s agr\u00e9able \u00e0 porter. Il ne s&rsquo;appelle pas DIVA pour rien : il a \u00e9t\u00e9 con\u00e7u pour \u00eatre \u00e0 la hauteur de vos exigences.[\/vc_column_text][\/vc_tta_section][vc_tta_section tab_id=\u00a0\u00bbdescription28c92-a5d3&Prime; title=\u00a0\u00bbUn collant cycliste hiver fait pour les femmes\u00a0\u00bb][vc_column_text]Tout\u00a0le\u00a0monde\u00a0m\u00e9rite\u00a0de\u00a0pouvoir\u00a0rouler\u00a0dans\u00a0d\u2019excellentes\u00a0conditions,\u00a0avec\u00a0un\u00a0\u00e9quipement\u00a0adapt\u00e9\u00a0\u00e0\u00a0sa\u00a0morphologie.<\/p>\n<div>Pour\u00a0la\u00a0conception\u00a0de\u00a0ce\u00a0collant\u00a0v\u00e9lo\u00a0femme,\u00a0aucun\u00a0d\u00e9tail\u00a0technique\u00a0n\u2019a\u00a0\u00e9t\u00e9\u00a0laiss\u00e9\u00a0au\u00a0hasard\u00a0:<\/div>\n<ul>\n<li>c\u2019est\u00a0un\u00a0cuissard\u00a0long\u00a0v\u00e9lo\u00a0qui\u00a0est\u00a0con\u00e7u\u00a0sans\u00a0bretelles<\/li>\n<li>le\u00a0renforcement\u00a0\u00e0\u00a0la\u00a0taille\u00a0permet\u00a0un\u00a0bon\u00a0maintien\u00a0sans\u00a0pour\u00a0autant\u00a0entra\u00eener\u00a0des\u00a0douleurs\u00a0au\u00a0ventre<\/li>\n<li>il\u00a0monte\u00a0plus\u00a0haut\u00a0dans\u00a0le\u00a0dos<\/li>\n<li>la peau <a href=\"https:\/\/www.elasticinterface.com\/cycling-pads\/combi-women\/\" target=\"_blank\" rel=\"noopener\">Combi women<\/a> (que l\u2019on retrouve aussi sur le cuissard \u00e9t\u00e9 <a href=\"https:\/\/www.ozio.eu\/produit\/cuissard-velo-femme-diva\/\" target=\"_blank\" rel=\"noopener\">DIVA<\/a>) est sp\u00e9cialement adapt\u00e9e \u00e0 l\u2019anatomie f\u00e9minine<\/li>\n<\/ul>\n<p>[\/vc_column_text][\/vc_tta_section][vc_tta_section title=\u00a0\u00bbUn cuissard long v\u00e9lo qui mise sur la s\u00e9curit\u00e9\u00a0\u00bb tab_id=\u00a0\u00bbdescription38c92-a5d3&Prime;][vc_column_text]Les jours se raccourcissent, l\u2019obscurit\u00e9 accompagne d\u00e9sormais vos d\u00e9buts ou fins de sortie. Ce collant v\u00e9lo femme \u00e9tant disponible en noir, nous avons rajout\u00e9 sur la cuisse et la fesse gauche des logos r\u00e9fl\u00e9chissants. Le but est que les automobilistes vous voient, en toutes circonstances. La s\u00e9curit\u00e9 avant tout.[\/vc_column_text][\/vc_tta_section][vc_tta_section i_position=\u00a0\u00bbright\u00a0\u00bb i_icon_fontawesome=\u00a0\u00bbfas fa-comment\u00a0\u00bb add_icon=\u00a0\u00bbtrue\u00a0\u00bb title=\u00a0\u00bbEntre vous et moi\u00a0\u00bb tab_id=\u00a0\u00bbentrevsetmoi8c92-a5d3&Prime;][vc_column_text]Faute de v\u00eatements cyclistes adapt\u00e9s, les femmes ont d\u00fb s\u2019\u00e9quiper au rayon hommes pendant de nombreuses ann\u00e9es. Les plus motiv\u00e9es ont support\u00e9 les douleurs \u00e0 la selle, en raison des peaux de cuissard mal plac\u00e9es, puisque con\u00e7ues pour une anatomie masculine. Cette p\u00e9riode est r\u00e9volue. Il \u00e9tait temps de cr\u00e9er un vrai collant v\u00e9lo femme. Adapt\u00e9, confortable et de qualit\u00e9. C\u2019est une simple question d\u2019\u00e9quit\u00e9 : tout le monde m\u00e9rite de pratiquer son sport en parfaite libert\u00e9. Vous ne trouvez pas ? C\u2019est ma conviction.[\/vc_column_text][\/vc_tta_section][\/vc_tta_accordion][vc_raw_html]JTVCYmxvY2slMjBpZCUzRCUyMjMzOTUwJTIyJTVE[\/vc_raw_html][\/vc_column][\/vc_row][vc_row][vc_column][vc_column_text]<\/p>\n<p>[\/vc_column_text][\/vc_column][\/vc_row]<\/p>\n","protected":false},"excerpt":{"rendered":"<p>Sp\u00e9cialement con\u00e7u pour la gent f\u00e9minine, le collant v\u00e9lo femme DIVA est le cuissard long qu\u2019il vous faut pour affronter l&rsquo;hiver et ses frimas. Nouveau tissu utilis\u00e9.<\/p>\n","protected":false},"featured_media":32038,"comment_status":"open","ping_status":"closed","template":"","meta":{"_acf_changed":false},"etheme_brands":[],"product_brand":[],"product_cat":[607,455,475,737,739,454,481,671,703],"product_tag":[],"class_list":{"0":"post-23142","1":"product","2":"type-product","3":"status-publish","4":"has-post-thumbnail","6":"product_cat-collant-velo-femme","7":"product_cat-cuissards-femme","8":"product_cat-destockage-femme","9":"product_cat-destockage-ete-2025","10":"product_cat-destockage-ete-femme-2025","11":"product_cat-vetements-velo-femme","12":"product_cat-hiver-femme","13":"product_cat-ensemble-maillot-cuissard-corsaire-collant-femme","14":"product_cat-ensemble-veste-collant-femme","16":"first","17":"instock","18":"sale","19":"taxable","20":"shipping-taxable","21":"purchasable","22":"product-type-variable"},"acf":[],"_links":{"self":[{"href":"https:\/\/dev-ozio.inwigo.fr\/ozio\/wp-json\/wp\/v2\/product\/23142","targetHints":{"allow":["GET"]}}],"collection":[{"href":"https:\/\/dev-ozio.inwigo.fr\/ozio\/wp-json\/wp\/v2\/product"}],"about":[{"href":"https:\/\/dev-ozio.inwigo.fr\/ozio\/wp-json\/wp\/v2\/types\/product"}],"replies":[{"embeddable":true,"href":"https:\/\/dev-ozio.inwigo.fr\/ozio\/wp-json\/wp\/v2\/comments?post=23142"}],"wp:featuredmedia":[{"embeddable":true,"href":"https:\/\/dev-ozio.inwigo.fr\/ozio\/wp-json\/wp\/v2\/media\/32038"}],"wp:attachment":[{"href":"https:\/\/dev-ozio.inwigo.fr\/ozio\/wp-json\/wp\/v2\/media?parent=23142"}],"wp:term":[{"taxonomy":"brand","embeddable":true,"href":"https:\/\/dev-ozio.inwigo.fr\/ozio\/wp-json\/wp\/v2\/etheme_brands?post=23142"},{"taxonomy":"product_brand","embeddable":true,"href":"https:\/\/dev-ozio.inwigo.fr\/ozio\/wp-json\/wp\/v2\/product_brand?post=23142"},{"taxonomy":"product_cat","embeddable":true,"href":"https:\/\/dev-ozio.inwigo.fr\/ozio\/wp-json\/wp\/v2\/product_cat?post=23142"},{"taxonomy":"product_tag","embeddable":true,"href":"https:\/\/dev-ozio.inwigo.fr\/ozio\/wp-json\/wp\/v2\/product_tag?post=23142"}],"curies":[{"name":"wp","href":"https:\/\/api.w.org\/{rel}","templated":true}]}}