{"id":29420,"date":"2021-06-08T21:57:59","date_gmt":"2021-06-08T19:57:59","guid":{"rendered":"https:\/\/www.ozio.eu\/?post_type=product&#038;p=29420"},"modified":"2025-07-28T13:20:13","modified_gmt":"2025-07-28T11:20:13","slug":"boxer-cycliste-lota","status":"publish","type":"product","link":"https:\/\/dev-ozio.inwigo.fr\/ozio\/produit\/boxer-cycliste-lota\/","title":{"rendered":"Boxer cycliste LOTA"},"content":{"rendered":"<p>[vc_row][vc_column][vc_column_text]Facile \u00e0 enfiler, discret \u00e0 porter et confortable, le <strong>boxer cycliste LOTA<\/strong> est un <strong>sous-v\u00eatement de cyclisme avec peau de cycliste int\u00e9gr\u00e9e<\/strong>. Pour plus de confort et de souplesse, notre boxer cycliste \u00e0 \u00e9t\u00e9 con\u00e7u sans coutures.[\/vc_column_text][vc_tta_accordion section_title_tag=\u00a0\u00bbh2&Prime; style=\u00a0\u00bbflat\u00a0\u00bb shape=\u00a0\u00bbsquare\u00a0\u00bb color=\u00a0\u00bbwhite\u00a0\u00bb active_section=\u00a0\u00bb56&Prime; no_fill=\u00a0\u00bbtrue\u00a0\u00bb collapsible_all=\u00a0\u00bbtrue\u00a0\u00bb][vc_tta_section tab_id=\u00a0\u00bbdescription1865e-8025&Prime; title=\u00a0\u00bbLes avantages d\u2019un boxer cycliste\u00a0\u00bb][vc_column_text]Le principal objectif d\u2019un\u00a0<strong>boxer v\u00e9lo<\/strong>\u00a0est de prot\u00e9ger et amortir les fesses et les parties g\u00e9nitales de la pression du corps sur la selle et d\u2019offrir une assise rembourr\u00e9e \u00e0 vos os du fessier. D\u00e9couvrez \u00e9galement ses caract\u00e9ristiques techniques\u00a0:<\/p>\n<ul>\n<li>fabriqu\u00e9 en Italie par des sp\u00e9cialistes du textile\u00a0;<\/li>\n<li>confectionn\u00e9e en fil polyamide, un textile r\u00e9sistant mais doux et l\u00e9ger \u00e0 la fois\u00a0;<\/li>\n<li>peau avec des inserts gel ;<\/li>\n<li>con\u00e7u pour former une barri\u00e8re amortissante entre votre corps et la selle du v\u00e9lo.<\/li>\n<\/ul>\n<p>[\/vc_column_text][\/vc_tta_section][vc_tta_section tab_id=\u00a0\u00bbdescription2865e-8025&Prime; title=\u00a0\u00bbLe LOTA, un boxer pour cycliste qui vous accompagnera partout\u00a0\u00bb][vc_column_text]Enfilez le\u00a0<strong>boxer cycliste LOTA<\/strong>\u00a0pour hommes avec sa peau int\u00e9gr\u00e9e sous votre pantalon ou short pr\u00e9f\u00e9r\u00e9 afin que n\u2019importe quelle tenue soit agr\u00e9able \u00e0 porter pour effectuer tous vos\u00a0<strong>trajets v\u00e9lotaf, sur v\u00e9lo \u00e0 assistance \u00e9lectrique<\/strong>, VTT, Gravel etc. Gr\u00e2ce au polyamide, la transpiration du corps est absorb\u00e9e, vous laissant au sec malgr\u00e9 les efforts fournis\u00a0![\/vc_column_text][\/vc_tta_section][vc_tta_section title=\u00a0\u00bbPourquoi porter un boxer de cyclisme ?\u00a0\u00bb tab_id=\u00a0\u00bbdescription3865e-8025&Prime;][vc_column_text]Ce\u00a0<strong>sous-v\u00eatement de v\u00e9lo<\/strong>\u00a0avec peau int\u00e9gr\u00e9e est l\u2019alli\u00e9 id\u00e9al si vous souhaitez pratiquer le cyclisme tout en \u00e9vitant de souffrir \u00e0 cause de la selle. En effet, lorsque vous vous installez sur le v\u00e9lo et que vous parcourez plusieurs kilom\u00e8tres, au bout d\u2019un certain temps, des douleurs peuvent subvenir. Pour \u00e9viter cela, le boxer LOTA se porte comme un sous-v\u00eatement classique mais poss\u00e8de l\u2019avantage d\u2019avoir une peau int\u00e9gr\u00e9e plac\u00e9e contre l\u2019entrejambe qui forme ainsi une protection entre votre corps et la selle du v\u00e9lo.[\/vc_column_text][\/vc_tta_section][vc_tta_section i_position=\u00a0\u00bbright\u00a0\u00bb i_icon_fontawesome=\u00a0\u00bbfas fa-comment\u00a0\u00bb add_icon=\u00a0\u00bbtrue\u00a0\u00bb title=\u00a0\u00bbEntre vous et moi\u00a0\u00bb tab_id=\u00a0\u00bbentrevsetmoi865e-8025&Prime;][vc_column_text]L\u2019id\u00e9e de ce boxer de cycliste est venue afin de r\u00e9pondre aux besoins de ceux qui veulent\u00a0<strong>faire du v\u00e9lo sans pour autant porter un cuissard<\/strong>. Alors, pour permettre \u00e0 ceux qui pratiquent le v\u00e9lotaf, font du v\u00e9lo \u00e9lectrique ou ceux qui pr\u00e9f\u00e8rent tout simplement porter autre chose que des tenues de cycliste, j\u2019ai voulu proposer un boxer pour cycliste. Il se porte comme un sous-v\u00eatement tout en vous offrant un confort optimal gr\u00e2ce \u00e0 la peau int\u00e9gr\u00e9e.[\/vc_column_text][\/vc_tta_section][\/vc_tta_accordion][\/vc_column][\/vc_row]<\/p>\n","protected":false},"excerpt":{"rendered":"<p>Le boxer de v\u00e9lo LOTA a \u00e9t\u00e9 con\u00e7u pour \u00eatre port\u00e9 sous un pantalon, un short ou tenue sportive afin de vous apporter un maximum de confort sur la selle.<\/p>\n","protected":false},"featured_media":31494,"comment_status":"closed","ping_status":"closed","template":"","meta":{"_acf_changed":false},"etheme_brands":[],"product_brand":[],"product_cat":[495,737,738,461,674,485,486,484],"product_tag":[],"class_list":{"0":"post-29420","1":"product","2":"type-product","3":"status-publish","4":"has-post-thumbnail","6":"product_cat-cuissards-homme","7":"product_cat-destockage-ete-2025","8":"product_cat-destockage-ete-homme-2025","9":"product_cat-vetements-velo-homme","10":"product_cat-soldes-homme","11":"product_cat-gravel-homme","12":"product_cat-route-homme","13":"product_cat-vtt-homme","15":"first","16":"instock","17":"sale","18":"taxable","19":"shipping-taxable","20":"purchasable","21":"product-type-variable"},"acf":[],"_links":{"self":[{"href":"https:\/\/dev-ozio.inwigo.fr\/ozio\/wp-json\/wp\/v2\/product\/29420","targetHints":{"allow":["GET"]}}],"collection":[{"href":"https:\/\/dev-ozio.inwigo.fr\/ozio\/wp-json\/wp\/v2\/product"}],"about":[{"href":"https:\/\/dev-ozio.inwigo.fr\/ozio\/wp-json\/wp\/v2\/types\/product"}],"replies":[{"embeddable":true,"href":"https:\/\/dev-ozio.inwigo.fr\/ozio\/wp-json\/wp\/v2\/comments?post=29420"}],"wp:featuredmedia":[{"embeddable":true,"href":"https:\/\/dev-ozio.inwigo.fr\/ozio\/wp-json\/wp\/v2\/media\/31494"}],"wp:attachment":[{"href":"https:\/\/dev-ozio.inwigo.fr\/ozio\/wp-json\/wp\/v2\/media?parent=29420"}],"wp:term":[{"taxonomy":"brand","embeddable":true,"href":"https:\/\/dev-ozio.inwigo.fr\/ozio\/wp-json\/wp\/v2\/etheme_brands?post=29420"},{"taxonomy":"product_brand","embeddable":true,"href":"https:\/\/dev-ozio.inwigo.fr\/ozio\/wp-json\/wp\/v2\/product_brand?post=29420"},{"taxonomy":"product_cat","embeddable":true,"href":"https:\/\/dev-ozio.inwigo.fr\/ozio\/wp-json\/wp\/v2\/product_cat?post=29420"},{"taxonomy":"product_tag","embeddable":true,"href":"https:\/\/dev-ozio.inwigo.fr\/ozio\/wp-json\/wp\/v2\/product_tag?post=29420"}],"curies":[{"name":"wp","href":"https:\/\/api.w.org\/{rel}","templated":true}]}}