{"id":37947,"date":"2022-04-07T10:10:38","date_gmt":"2022-04-07T08:10:38","guid":{"rendered":"https:\/\/www.ozio.eu\/?post_type=product&#038;p=37947"},"modified":"2025-06-23T17:59:40","modified_gmt":"2025-06-23T15:59:40","slug":"maillot-velo-manches-courtes-leader-moltozio-homme","status":"publish","type":"product","link":"https:\/\/dev-ozio.inwigo.fr\/ozio\/produit\/maillot-velo-manches-courtes-leader-moltozio-homme\/","title":{"rendered":"Maillot manches courtes LEADER MOLTOZIO homme"},"content":{"rendered":"<p>[vc_row][vc_column][vc_column_text]<\/p>\n<h2>Un maillot v\u00e9lo manches courtes \u00e0 la coupe droite<\/h2>\n<p>Vous souhaitez faire du v\u00e9lo sans pour autant porter les classiques maillots de v\u00e9lo pr\u00e8s du corps\u00a0? Pourquoi se restreindre dans un maillot \u00e0 la coupe ajust\u00e9e quand vous pouvez en porter un plus ample, plus d\u00e9contract\u00e9 sans pour autant renoncer aux avantages des maillots de v\u00e9lo traditionnels\u00a0?![\/vc_column_text][vc_tta_accordion section_title_tag=\u00a0\u00bbh2&Prime; style=\u00a0\u00bbflat\u00a0\u00bb shape=\u00a0\u00bbsquare\u00a0\u00bb color=\u00a0\u00bbwhite\u00a0\u00bb active_section=\u00a0\u00bb56&Prime; no_fill=\u00a0\u00bbtrue\u00a0\u00bb collapsible_all=\u00a0\u00bbtrue\u00a0\u00bb][vc_tta_section tab_id=\u00a0\u00bbdescription1d7ad-36eb\u00a0\u00bb title=\u00a0\u00bbDes tissus au service de votre pratique\u00a0\u00bb][vc_column_text]Les fibres textiles de ce maillot v\u00e9lo manches courtes assurent une <strong>excellente gestion de la transpiration<\/strong> gr\u00e2ce \u00e0 ces <strong>deux tissus italiens l\u00e9gers et confortables<\/strong>. Le tissu utilis\u00e9 sous les bras et sur les c\u00f4t\u00e9s est tr\u00e8s ajour\u00e9 facilitant ainsi l&rsquo;\u00e9vacuation de la transpiration.[\/vc_column_text][\/vc_tta_section][vc_tta_section tab_id=\u00a0\u00bbdescription2d7ad-36eb\u00a0\u00bb title=\u00a0\u00bbUn maillot technique au confort indiscutable\u00a0\u00bb][vc_column_text]Qui dit coupe plus ample ne signifie pas renoncer aux caract\u00e9ristiques techniques signatures de la marque Ozio. Et pour preuve\u00a0:<\/p>\n<ul>\n<li>une bande silicone positionn\u00e9e en bas de maillot pour \u00e9viter qu&rsquo;il ne remonte\u00a0;<\/li>\n<li>trois poches \u00e0 soufflet et une poche zipp\u00e9e situ\u00e9es \u00e0 l&rsquo;arri\u00e8re du maillot ;<\/li>\n<li>des <strong>tissus italiens techniques<\/strong>\u00a0;<\/li>\n<li>un <strong>zip Camlock en plastique inject\u00e9 YKK Vislon<sup>\u00ae<\/sup>\u00a0<\/strong> sur toute la longueur du maillot \u2192 ouverture et fermeture fluides, rapide et silencieuse.<\/li>\n<\/ul>\n<p><iframe loading=\"lazy\" src=\"https:\/\/www.youtube.com\/embed\/KQg9ImHxuaU\" width=\"560\" height=\"315\" frameborder=\"0\" allowfullscreen=\"allowfullscreen\"><\/iframe>[\/vc_column_text][\/vc_tta_section][vc_tta_section tab_id=\u00a0\u00bbdescription3d7ad-36eb\u00a0\u00bb title=\u00a0\u00bbUn maillot v\u00e9lo manches courtes color\u00e9 et performant\u00a0\u00bb][vc_column_text]Le style et la performance se rejoignent dans ce maillot de cyclisme l\u00e9ger et tendance aux <strong>graphismes attrayants<\/strong>. Con\u00e7u pour les cyclistes qui veulent \u00eatre \u00e9l\u00e9gants et se sentir bien quand ils roulent. La fabrication de ce maillot a \u00e9t\u00e9 pens\u00e9e pour que lorsque vous enfilez vos v\u00eatements, ils vous aident \u00e0 vous mettre dans le bon \u00e9tat d&rsquo;esprit pour donner le meilleur de vous-m\u00eame.<\/p>\n<p>Vous pouvez associer ce maillot \u00e0 un de nos <a href=\"https:\/\/www.ozio.eu\/c\/vetements-velo-homme\/bas-hommes\/cuissards-homme\/\" target=\"_blank\" rel=\"noopener\">cuissards techniques<\/a>. Cerise sur le g\u00e2teau, vous obtiendrez 20% de remise ![\/vc_column_text][\/vc_tta_section][vc_tta_section i_position=\u00a0\u00bbright\u00a0\u00bb i_icon_fontawesome=\u00a0\u00bbfas fa-comment\u00a0\u00bb add_icon=\u00a0\u00bbtrue\u00a0\u00bb title=\u00a0\u00bbEntre vous et moi\u00a0\u00bb tab_id=\u00a0\u00bbentrevsetmoid7ad-36eb\u00a0\u00bb][vc_column_text]Avez-vous fait un rapprochement avec un c\u00e9l\u00e8bre maillot des ann\u00e9es 60-70 ? La ressemblance avec le maillot Molteni port\u00e9 par Eddy Merckx dans les ann\u00e9es 70 est voulue ! Enfant, ce maillot mythique m&rsquo;a interpell\u00e9 et j&rsquo;ai voulu lui rendre hommage en cr\u00e9ant ce design. D&rsquo;o\u00f9 son nom hybride : la fusion entre Molteni et Ozio ! J&rsquo;esp\u00e8re qu&rsquo;il vous plaira autant qu&rsquo;\u00e0 moi ![\/vc_column_text][\/vc_tta_section][\/vc_tta_accordion][vc_raw_html]JTVCYmxvY2slMjBpZCUzRCUyMjMyMjAzJTIyJTVE[\/vc_raw_html][\/vc_column][\/vc_row]<\/p>\n","protected":false},"excerpt":{"rendered":"<p>Avec ce maillot de v\u00e9lo manches courtes homme, partez \u00e0 la conqu\u00eate de toutes les routes sans renoncer au confort ou \u00e0 la technicit\u00e9 des maillots Ozio.<\/p>\n","protected":false},"featured_media":38108,"comment_status":"open","ping_status":"closed","template":"","meta":{"_acf_changed":false},"etheme_brands":[],"product_brand":[],"product_cat":[474,737,738,483,555,461,494,678,674,667,486,484],"product_tag":[],"class_list":{"0":"post-37947","1":"product","2":"type-product","3":"status-publish","4":"has-post-thumbnail","6":"product_cat-destockage-homme","7":"product_cat-destockage-ete-2025","8":"product_cat-destockage-ete-homme-2025","9":"product_cat-ete-homme","10":"product_cat-hauts-homme","11":"product_cat-vetements-velo-homme","12":"product_cat-maillots-velo-manches-courtes-homme","13":"product_cat-maillots-manches-courtes-droit-homme","14":"product_cat-soldes-homme","15":"product_cat-ensemble-maillot-cuissard-homme","16":"product_cat-route-homme","17":"product_cat-vtt-homme","19":"first","20":"instock","21":"sale","22":"taxable","23":"shipping-taxable","24":"purchasable","25":"product-type-variable"},"acf":[],"_links":{"self":[{"href":"https:\/\/dev-ozio.inwigo.fr\/ozio\/wp-json\/wp\/v2\/product\/37947","targetHints":{"allow":["GET"]}}],"collection":[{"href":"https:\/\/dev-ozio.inwigo.fr\/ozio\/wp-json\/wp\/v2\/product"}],"about":[{"href":"https:\/\/dev-ozio.inwigo.fr\/ozio\/wp-json\/wp\/v2\/types\/product"}],"replies":[{"embeddable":true,"href":"https:\/\/dev-ozio.inwigo.fr\/ozio\/wp-json\/wp\/v2\/comments?post=37947"}],"wp:featuredmedia":[{"embeddable":true,"href":"https:\/\/dev-ozio.inwigo.fr\/ozio\/wp-json\/wp\/v2\/media\/38108"}],"wp:attachment":[{"href":"https:\/\/dev-ozio.inwigo.fr\/ozio\/wp-json\/wp\/v2\/media?parent=37947"}],"wp:term":[{"taxonomy":"brand","embeddable":true,"href":"https:\/\/dev-ozio.inwigo.fr\/ozio\/wp-json\/wp\/v2\/etheme_brands?post=37947"},{"taxonomy":"product_brand","embeddable":true,"href":"https:\/\/dev-ozio.inwigo.fr\/ozio\/wp-json\/wp\/v2\/product_brand?post=37947"},{"taxonomy":"product_cat","embeddable":true,"href":"https:\/\/dev-ozio.inwigo.fr\/ozio\/wp-json\/wp\/v2\/product_cat?post=37947"},{"taxonomy":"product_tag","embeddable":true,"href":"https:\/\/dev-ozio.inwigo.fr\/ozio\/wp-json\/wp\/v2\/product_tag?post=37947"}],"curies":[{"name":"wp","href":"https:\/\/api.w.org\/{rel}","templated":true}]}}